{"id":120,"date":"2018-11-26T23:48:50","date_gmt":"2018-11-26T22:48:50","guid":{"rendered":"http:\/\/psychomotricite-tours.fr\/?page_id=120"},"modified":"2024-10-16T21:36:05","modified_gmt":"2024-10-16T19:36:05","slug":"cadre-de-travail","status":"publish","type":"page","link":"https:\/\/www.psychomotricite-tours.fr\/?page_id=120","title":{"rendered":"Cadre de travail"},"content":{"rendered":"\n<p class=\"has-text-align-left\">La relation est au centre de mon travail th\u00e9rapeutique : la <strong>relation du sujet \u00e0 son corps <\/strong>(ses sensations, ses \u00e9prouv\u00e9s psycho-corporels, son langage corporelle et verbale) dans la relation \u00e0 l\u2019autre est au coeur de l&rsquo;alliance th\u00e9rapeutique. Les s\u00e9ances se r\u00e9alisent au sein d\u2019un <strong>environnement contenant, cadrant, s\u00e9curisant. <\/strong><\/p>\n\n\n\n<p><strong>Le <a href=\"http:\/\/www.psychomotricite-tours.fr\/?page_id=75\">psychomotricien<\/a> travaille avec les notions de plaisir et de d\u00e9sir. L&rsquo;objectif est de permettre au patient de (re)trouver le plaisir \u00e0 \u00eatre et d\u2019\u00eatre acteur. <\/strong><\/p>\n\n\n\n<p>En s\u00e9ance, <strong>les m\u00e9diations utilis\u00e9es sont pens\u00e9es \u00e0 l&rsquo;\u00e9criture du projet th\u00e9rapeutique et sont adapt\u00e9es et r\u00e9adapt\u00e9es \u00e0 chaque patient. <\/strong><br><\/p>\n\n\n\n<p class=\"has-white-color has-text-color\">psychomotricien Tours, Psychomotricien 37000, St Cyr sur loire, Neuill\u00e9 Pont Pierre, Chanceaux sur choisille, Monnaie, Ch\u00e2teau la Valli\u00e8re, Ch\u00e2teau du Loir, Ch\u00e2teau Renault, Mettray,  Rouziers de Touraine , th\u00e9rapie manuelle osteo somato \u00e9motionnelle, th\u00e9rapeute manuel,\u00a0L\u00e9a Cerveaux<\/p>\n","protected":false},"excerpt":{"rendered":"<p>La relation est au centre de mon travail th\u00e9rapeutique : la relation du sujet \u00e0 son corps (ses sensations, ses \u00e9prouv\u00e9s psycho-corporels, son langage corporelle et verbale) dans la relation \u00e0 l\u2019autre est au coeur de l&rsquo;alliance th\u00e9rapeutique. Les s\u00e9ances se r\u00e9alisent au sein d\u2019un environnement contenant, cadrant, s\u00e9curisant. Le psychomotricien travaille avec les notions &hellip; <\/p>\n<p class=\"link-more\"><a href=\"https:\/\/www.psychomotricite-tours.fr\/?page_id=120\" class=\"more-link\">Continuer la lecture<span class=\"screen-reader-text\"> de &laquo;&nbsp;Cadre de travail&nbsp;&raquo;<\/span><\/a><\/p>\n","protected":false},"author":1,"featured_media":0,"parent":125,"menu_order":1,"comment_status":"closed","ping_status":"closed","template":"","meta":{"footnotes":""},"class_list":["post-120","page","type-page","status-publish","hentry"],"_links":{"self":[{"href":"https:\/\/www.psychomotricite-tours.fr\/index.php?rest_route=\/wp\/v2\/pages\/120","targetHints":{"allow":["GET"]}}],"collection":[{"href":"https:\/\/www.psychomotricite-tours.fr\/index.php?rest_route=\/wp\/v2\/pages"}],"about":[{"href":"https:\/\/www.psychomotricite-tours.fr\/index.php?rest_route=\/wp\/v2\/types\/page"}],"author":[{"embeddable":true,"href":"https:\/\/www.psychomotricite-tours.fr\/index.php?rest_route=\/wp\/v2\/users\/1"}],"replies":[{"embeddable":true,"href":"https:\/\/www.psychomotricite-tours.fr\/index.php?rest_route=%2Fwp%2Fv2%2Fcomments&post=120"}],"version-history":[{"count":6,"href":"https:\/\/www.psychomotricite-tours.fr\/index.php?rest_route=\/wp\/v2\/pages\/120\/revisions"}],"predecessor-version":[{"id":642,"href":"https:\/\/www.psychomotricite-tours.fr\/index.php?rest_route=\/wp\/v2\/pages\/120\/revisions\/642"}],"up":[{"embeddable":true,"href":"https:\/\/www.psychomotricite-tours.fr\/index.php?rest_route=\/wp\/v2\/pages\/125"}],"wp:attachment":[{"href":"https:\/\/www.psychomotricite-tours.fr\/index.php?rest_route=%2Fwp%2Fv2%2Fmedia&parent=120"}],"curies":[{"name":"wp","href":"https:\/\/api.w.org\/{rel}","templated":true}]}}